isor of 175 and 25.
25
Calculate the greatest common divisor of 28 and 224.
28
Calculate the greatest common factor of 94 and 1786.
94
What is the greatest common divisor of 13 and 55172?
13
What is the greatest common factor of 50 and 36650?
50
What is the greatest common divisor of 105 and 273?
21
What is the highest common divisor of 132 and 616?
44
Calculate the greatest common divisor of 32 and 148.
4
What is the greatest common factor of 120 and 354?
6
Calculate the highest common factor of 23120 and 34.
34
Calculate the highest common divisor of 3950 and 200.
50
What is the greatest common divisor of 684 and 108?
36
What is the greatest common factor of 20 and 2490?
10
Calculate the greatest common divisor of 55 and 75.
5
What is the highest common divisor of 468 and 32058?
234
What is the highest common factor of 32 and 37216?
32
What is the greatest common divisor of 216 and 162?
54
Calculate the highest common divisor of 450 and 1440.
90
Calculate the greatest common divisor of 605 and 363.
121
Calculate the greatest common divisor of 88 and 744.
8
Calculate the greatest common divisor of 2816 and 72.
8
Calculate the highest common divisor of 1402 and 6.
2
Calculate the greatest common factor of 2912 and 784.
112
What is the highest common divisor of 28 and 413?
7
Calculate the highest common factor of 1122 and 330.
66
Calculate the greatest common divisor of 8401 and 31.
31
What is the highest common divisor of 27 and 729?
27
Calculate the highest common factor of 232 and 1512.
8
What is the greatest common divisor of 16341 and 26?
13
Calculate the greatest common divisor of 8 and 584.
8
Calculate the greatest common factor of 11051 and 1028.
257
Calculate the greatest common factor of 13160 and 35.
35
What is the greatest common factor of 608 and 32?
32
What is the greatest common factor of 104 and 40612?
52
What is the greatest common factor of 851 and 46?
23
Calculate the greatest common factor of 30 and 25.
5
Calculate the highest common factor of 715 and 55.
55
What is the greatest common divisor of 18 and 450?
18
Calculate the greatest common divisor of 28 and 154.
14
Calculate the highest common factor of 5 and 2245.
5
What is the highest common divisor of 29 and 493?
29
Calculate the highest common factor of 6565 and 26.
13
Calculate the greatest common divisor of 486 and 27.
27
What is the highest common divisor of 70 and 15?
5
Calculate the highest common divisor of 279 and 9.
9
What is the highest common divisor of 3040 and 38?
38
Calculate the highest common factor of 28 and 8.
4
Calculate the greatest common divisor of 6486 and 253.
23
Calculate the highest common divisor of 80 and 320.
80
Calculate the greatest common factor of 18 and 12321.
9
Calculate the greatest common factor of 1296 and 1392.
48
What is the greatest common divisor of 9215 and 95?
95
Calculate the greatest common divisor of 22 and 341.
11
Calculate the greatest common divisor of 448 and 84.
28
Calculate the highest common factor of 372 and 279.
93
Calculate the highest common divisor of 464 and 174.
58
What is the highest common divisor of 375 and 25?
25
Calculate the highest common divisor of 253 and 46.
23
What is the greatest common divisor of 26704 and 80?
16
Calculate the highest common factor of 29 and 58.
29
Calculate the greatest common divisor of 78 and 1287.
39
What is the greatest common factor of 8 and 1692?
4
What is the greatest common divisor of 186 and 651?
93
What is the greatest common divisor of 2499 and 153?
51
Calculate the greatest common factor of 4986 and 36.
18
What is the highest common divisor of 93 and 217?
31
Calculate the greatest common divisor of 198 and 6138.
198
What is the greatest common factor of 2793 and 441?
147
Calculate the greatest common divisor of 770 and 121.
11
What is the greatest common factor of 1007 and 513?
19
What is the greatest common factor of 208 and 988?
52
Calculate the greatest common divisor of 531 and 27.
9
What is the greatest common divisor of 104 and 117?
13
What is the greatest common divisor of 190 and 10?
10
Calculate the highest common divisor of 3502 and 68.
34
Calculate the greatest common divisor of 1674 and 1026.
54
Calculate the highest common factor of 10776 and 24.
24
Calculate the greatest common factor of 38 and 46.
2
Calculate the highest common factor of 1344 and 147.
21
Calculate the greatest common factor of 147 and 931.
49
What is the highest common divisor of 4294 and 19?
19
Calculate the highest common factor of 540 and 54.
54
Calculate the greatest common factor of 5 and 220.
5
What is the highest common factor of 273 and 336?
21
What is the highest common divisor of 4344 and 120?
24
What is the greatest common divisor of 3794 and 28?
14
Calculate the greatest common factor of 48 and 30.
6
What is the greatest common factor of 310 and 30?
10
What is the greatest common divisor of 956 and 72?
4
Calculate the greatest common divisor of 486 and 198.
18
Calculate the greatest common divisor of 147 and 5782.
49
Calculate the highest common divisor of 69 and 1863.
69
Calculate the highest common factor of 121 and 187.
11
Calculate the greatest common divisor of 128 and 1760.
32
Calculate the greatest common divisor of 238 and 16422.
238
Calculate the greatest common divisor of 175 and 56.
7
What is the greatest common divisor of 165 and 33?
33
What is the highest common factor of 60 and 40?
20
What is the greatest common factor of 4 and 436?
4
What is the greatest common divisor of 243 and 2700?
27
Calculate the greatest common factor of 11 and 187.
11
What is the highest common divisor of 39 and 897?
39
What is the greatest common divisor of 392 and 882?
98
Calculate the greatest common divisor of 182 and 56.
14
Calculate the highest common factor of 1852 and 4.
4
Calculate the highest common divisor of 255 and 408.
51
What is the highest common factor of 136 and 17?
17
Calculate the greatest common divisor of 3281 and 51.
17
Calculate the greatest common divisor of 12667 and 212.
53
What is the greatest common factor of 715 and 1625?
65
What is the greatest common divisor of 21 and 3213?
21
What is the highest common factor of 9 and 261?
9
What is the greatest common factor of 54 and 9378?
18
What is the highest common divisor of 175 and 70?
35
What is the greatest common divisor of 29 and 1189?
29
Calculate the greatest common factor of 116 and 4.
4
Calculate the highest common factor of 15 and 1185.
15
Calculate the highest common divisor of 10 and 310.
10
What is the highest common divisor of 95 and 1539?
19
Calculate the highest common divisor of 228 and 1748.
76
Calculate the highest common factor of 148 and 3182.
74
What is the greatest common factor of 1768 and 52?
52
Calculate the highest common divisor of 168 and 399.
21
What is the greatest common divisor of 2680 and 2345?
335
What is the greatest common divisor of 24 and 1944?
24
Calculate the highest common factor of 27 and 1377.
27
What is the greatest common divisor of 27 and 3?
3
What is the highest common factor of 290 and 435?
145
Calculate the greatest common divisor of 72 and 58680.
72
What is the highest common divisor of 1 and 29?
1
Calculate the highest common factor of 133 and 38.
19
Calculate the highest common factor of 2 and 3466.
2
What is the greatest common divisor of 92 and 2162?
46
Calculate the greatest common divisor of 100 and 14150.
50
What is the greatest common factor of 1539 and 38?
19
What is the highest common divisor of 30 and 470?
10
Calculate the greatest common divisor of 50 and 13125.
25
What is the greatest common divisor of 609 and 116?
29
Calculate the greatest common factor of 153 and 9.
9
Calculate the highest common divisor of 532 and 77.
7
Calculate the greatest common factor of 56 and 2016.
56
Calculate the highest common divisor of 90 and 40.
10
What is the greatest common divisor of 64 and 2864?
16
What is the highest common factor of 4096 and 2176?
128
Calculate the greatest common divisor of 166 and 913.
83
Calculate the greatest common divisor of 21819 and 21.
21
What is the greatest common factor of 6996 and 33?
33
What is the highest common factor of 13 and 2327?
13
Calculate the highest common divisor of 130 and 5230.
10
Calculate the greatest common fac